 + 1272*f - 191. Calculate c(-85).
64
Let v(m) = 170*m + 200. Give v(0).
200
Let i(o) = -o - 66. Give i(-47).
-19
Let o(c) = -17*c + 33. Give o(-7).
152
Let u(v) = v**3 - 29*v**2 + 76*v + 91. Determine u(26).
39
Let h(z) = -7622*z + 30527. Give h(4).
39
Let g(m) = -7*m**3 + 77*m**2 + m - 32. Give g(11).
-21
Let v(d) = -756*d + 5. What is v(0)?
5
Let m(a) = a**3 + 16*a**2 + 68*a + 35. Calculate m(-6).
-13
Let v(y) = y**2 - 64*y + 401. Give v(7).
2
Let i(y) = -y**3 - 45*y**2 - 126*y + 56. Give i(-42).
56
Let t(u) = u**3 - 6*u**2 + 6*u - 5. What is t(3)?
-14
Let a(y) = y**3 - 19*y**2 + 35*y - 17. Calculate a(17).
0
Let g(i) = -128*i**2 + 1138*i - 42. What is g(9)?
-168
Let x(k) = -121*k**2 + 15*k - 20. Determine x(2).
-474
Let a(v) = -2*v**3 - 2*v**2 + 7*v + 4. Calculate a(-4).
72
Let w(i) = -i - 254. What is w(0)?
-254
Let p(c) = c**3 + 14*c**2 - 53*c + 9. Calculate p(-17).
43
Let d(k) = 148*k - 1376. Determine d(9).
-44
Let y(l) = -l**3 + 14*l**2 + 107*l + 51. What is y(-5)?
-9
Let w(j) = 183*j + 995. Determine w(-6).
-103
Let p(o) = -o**3 - 25*o**2 + 65*o + 65. Calculate p(-26).
-949
Let g(f) = f**2 + 96*f - 2199. Determine g(19).
-14
Let j(u) = -2*u**3 + 39*u**2 - 15*u - 14. What is j(19)?
62
Let y(j) = j**3 + 12*j**2 - 1399*j - 295. Determine y(32).
-7
Let t(q) = 4*q**2 - 11*q + 43. Determine t(4).
63
Let t(f) = 20*f**2 - 182*f + 7. Determine t(9).
-11
Let o(n) = n**3 - 24*n**2 - 67*n + 67. Determine o(27).
445
Let i(z) = 2*z**3 - 14*z**2 - 3260*z - 139. Calculate i(-37).
9
Let h(l) = l**2 + 208*l + 10. Give h(0).
10
Let v(j) = 2*j**3 - 50*j**2 + 90*j + 59. Calculate v(23).
13
Let f(g) = -g**3 - 34*g**2 + 37*g - 52. Determine f(-35).
-122
Let j(v) = -v - 47. What is j(-31)?
-16
Let l(q) = -4*q**2 - 27*q - 72. What is l(-3)?
-27
Let v(g) = -150*g**3 - 6*g**2 - 8*g - 2. Calculate v(-1).
150
Let v(j) = -1843*j + 5537. Calculate v(3).
8
Let j(u) = 3*u**2 + 932*u + 1863. Determine j(-2).
11
Let g(a) = -33*a + 438. Determine g(14).
-24
Let x(t) = 89*t + 44. What is x(-4)?
-312
Let z(y) = 337*y**2 - 662*y + 2. What is z(2)?
26
Let l(t) = 57*t**3 - 403*t**2 + 27*t + 4. Determine l(7).
-3
Let m(j) = -3374*j + 3381. What is m(1)?
7
Let y(i) = -i**3 - i**2 - 14*i. What is y(0)?
0
Let n(s) = 5*s + 643. Give n(44).
863
Let l(a) = a**3 + 11*a**2 - 27*a + 42. What is l(4)?
174
Let f(d) = -d**3 + 35*d**2 - 7*d + 253. Calculate f(35).
8
Let t(s) = 15*s**3 - 3*s**2 - 4*s + 17. Give t(2).
117
Let x(h) = -23*h + 51. What is x(15)?
-294
Let j(n) = n**3 + 3*n**2 - 262*n + 937. What is j(4)?
1
Let d(i) = -5*i**2 + 113*i + 132. Calculate d(24).
-36
Let k(g) = -26*g**2 + 212*g - 423. Give k(2).
-103
Let x(k) = 33*k**2 - 2805*k + 19. Determine x(85).
19
Let y(q) = 10*q**2 + 312*q - 941. Give y(3).
85
Let d(t) = 346*t - 26285. What is d(76)?
11
Let u(a) = -21*a**2 - 24*a - 3. What is u(4)?
-435
Let t(y) = -721*y - 7218. What is t(-10)?
-8
Let s(n) = -73*n - 634. Give s(-13).
315
Let z(n) = 344*n + 39205. Give z(-114).
-11
Let t(n) = -1048*n - 10507. Calculate t(-10).
-27
Let x(t) = t**3 - 30*t**2 - 206*t - 346. Give x(36).
14
Let x(d) = 40*d - 401. Give x(10).
-1
Let f(p) = 13*p**3 - p**2 + 6*p + 1. Determine f(2).
113
Let m(f) = -f**2 - 16*f + 145. Determine m(-27).
-152
Let m(w) = 5*w**2 + 36*w + 10. Determine m(-7).
3
Let p(b) = b**3 + 7*b**2 - 10*b + 88. What is p(-9)?
16
Let x(w) = w**3 + 10*w**2 + 6*w + 16. What is x(-6)?
124
Let b(o) = 95*o - 20. Determine b(-2).
-210
Let q(o) = -47*o**2 + 256*o - 110. Give q(5).
-5
Let g(f) = 2*f**3 - 156*f**2 - 3*f + 9. Calculate g(78).
-225
Let k(n) = -n**3 - 49*n**2 + 90*n - 585. Determine k(-51).
27
Let s(i) = 14*i**2 - 2*i - 15. Determine s(0).
-15
Let y(k) = 3*k**2 + 464*k + 1639. What is y(-151)?
-22
Let a(v) = 129*v**3 - 2*v**2 - v. Determine a(-1).
-130
Let s(r) = -50*r**2 - 1209*r - 190. Give s(-24).
26
Let j(y) = -6*y**2 - 31*y - 23. Determine j(-4).
5
Let s(t) = -t**2 - 2*t - 52. Calculate s(-10).
-132
Let a(b) = 8*b**2 - 28*b - 10. Determine a(5).
50
Let q(a) = -9*a + 9. Determine q(-28).
261
Let s(a) = -216*a + 6875. Determine s(32).
-37
Let i(z) = 523*z + 36618. Determine i(-70).
8
Let u(n) = 555*n + 12253. What is u(-22)?
43
Let q(h) = -h**2 + 7*h. Give q(10).
-30
Let h(i) = -6*i**2 + 4173*i + 8345. Give h(-2).
-25
Let k(g) = g**3 + 237*g**2 + 5295*g - 1069. Give k(-212).
-9
Let v(b) = -10*b**3 - 4*b**2 + 23*b + 7. Calculate v(-5).
1042
Let p(s) = 14*s**2 - 252*s + 64. What is p(18)?
64
Let a(y) = 22*y**2 + 747*y - 24. Calculate a(-34).
10
Let i(u) = -u**3 + 9*u**2 - 38*u + 172. What is i(7)?
4
Let k(l) = l**2 + 35*l - 162. Give k(-39).
-6
Let u(g) = -41*g**3 - 4*g**2 + 8*g - 4. Give u(1).
-41
Let b(i) = -8292*i + 16586. What is b(2)?
2
Let h(b) = -b**2 + 471*b + 27195. Determine h(-52).
-1
Let o(q) = -171*q + 10922. Determine o(64).
-22
Let w(t) = -43*t + 766. Give w(17).
35
Let r(a) = a**3 + 2*a**2 - 34*a - 115. What is r(-4)?
-11
Let u(w) = -2*w**3 + 10*w**2 - w - 30. Determine u(6).
-108
Let w(d) = 102*d**2 - 512*d + 14. Give w(5).
4
Let j(o) = -o**3 + 33*o**2 + 75*o - 213. Determine j(35).
-38
Let x(f) = -5700*f - 85502. Give x(-15).
-2
Let a(r) = r**2 + 18*r - 2617. Calculate a(43).
6
Let z(p) = 7*p - 5. Calculate z(-6).
-47
Let w(h) = 7*h**2 + 52*h + 5. Give w(-7).
-16
Let k(c) = -5*c**3 + 10*c**2 + 11*c - 7. Determine k(4).
-123
Let g(m) = m - 33. What is g(-5)?
-38
Let o(f) = 2*f**3 - 13*f**2 - 5*f - 9. Calculate o(7).
5
Let l(z) = 82*z + 873. What is l(-10)?
53
Let r(c) = -c**3 - 9*c**2 - 15*c + 20. Give r(-5).
-5
Let l(h) = 288*h + 893. Determine l(-3).
29
Let t(h) = -297*h - 1071. Calculate t(-5).
414
Let g(z) = -z**3 + 14*z**2 - 41*z + 337. Calculate g(13).
-27
Let q(v) = -1546*v - 7698. Give q(-5).
32
Let l(f) = 11*f**2 - 11*f - 23. Give l(-3).
109
Let i(t) = -2*t**2 - 19*t - 32. What is i(-7)?
3
Let t(u) = -62*u + 10. What is t(-3)?
196
Let x(r) = -r**2 + 5*r + 5. Give x(-3).
-19
Let k(n) = -n**2 + 102*n - 394. What is k(98)?
-2
Let l(c) = 2*c**2 - 54*c - 2771. What is l(53)?
-15
Let v(f) = f**3 + 289*f**2 + 549*f - 7174. Give v(-287).
1
Let t(a) = -a**3 + 13*a**2 - 9*a + 12. Determine t(14).
-310
Let w(q) = -q**3 + 3*q**2 + 33*q - 142. Calculate w(5).
-27
Let y(q) = q**3 + 12*q**2 - 16*q + 2. What is y(-14)?
-166
Let o(r) = -151*r + 3323. Give o(22).
1
Let k(m) = -m**3 + 45*m**2 - 3*m + 117. Calculate k(45).
-18
Let t(l) = -13*l + 14. What is t(-1)?
27
Let b(q) = 2*q**2 + 61*q - 575. Calculate b(8).
41
Let v(r) = -r**2 + 4*r + 49. Determine v(11).
-28
Let n(z) = -21*z**2 + z + 16. Determine n(3).
-170
Let m(b) = -2*b**2 + 78*b - 216. What is m(36)?
0
Let x(h) = -4*h**3 - 2*h**2 - 5*h - 4. Give x(-3).
101
Let m(o) = -2101*o + 12609. Give m(6).
3
Let n(f) = -175*f + 9386. Calculate n(53).
111
Let a(o) = -70*o + 1. What is a(0)?
1
Let x(r) = -169*r - 11957. Determine x(-71).
42
Let z(h) = h**2 - 34*h - 456. Calculate z(-10).
-16
Let h(q) = -154*q + 1889. What is h(12)?
41
Let x(d) = 234*d - 14973. Calculate x(64).
3
Let t(c) = 284*c + 15333. Calculate t(-54).
-3
Let x(n) = -19*n**2 - 4123*n - 8176. Give x(-215).
-6
Let o(v) = -v**2 - 12*v + 247. Give o(-30).
-293
Let b(s) = -s**2 + 31*s + 177. Give b(-5).
-3
Let i(v) = 6485*v + 19446. Calculate i(-3).
-9
Let f(l) = -2*l**3 + l**2 + 91*l. Give f(7).
0
Let v(o) = -530*o + 2454. Calculate v(5).
-196
Let i(s) = s**3 - 117*s**2 - 366*s + 706. Give i(120).
-14
Let c(r) = r**3 + 79*r**2 + 153*r - 92. Determine c(-77).
-15
Let q(t) = -41*t - 211. Determine q(-11).
240
Let z(p) = p**3 - 15*p**2 + 5*p - 72. Give z(15).
3
Let d(r) = -5*r - 160. Give d(-30).
-10
Let p(q) = -q**3 + 9*q**2 + 25*q - 24. Give p(11).
9
Let m(z) = -z**2 + 18*z - 75. Calculate m(8).
5
Let x(h) = 905*h + 6. Calculate x(0).
6
Let k(p) = 40*p + 323. Give k(-6).
83
Let w(o) = -108*o**2 - 27326*o - 513. Give w(-253).
-7
Let w(o) = -67*o + 280. Give w(7).
-189
Let m(c) = 2553*c + 17851. Give m(-7).
-20
Let z(w) = -31*w**2 + 19*w - 12. Calculate z(2).
-98
Let x(z) = z**3 - 12*z**2 - 1230*z + 14871. Give x(12).
111
Let y(v) = 3*v**2 - 1495*v + 4462. Give y(3).
4
Let i(t) = 17*t**3 - 6*t**2 + 7. Calculate i(1).
18
Let s(w) = 4074*w + 28513. Give s(-7).
-5
Let y(s) = -74*s**2 - 220*s - 1. Determine y(-3).
-7
Let f(b) = 3*b**2 + 16*b - 5191. What is f(39)?
-4
Let x(m) = 64*m**2 + 513*m + 1